digit of 121288?
2
What is the tens digit of 32478?
7
What is the hundred thousands digit of 2166068?
1
What is the ten thousands digit of 16012429?
1
What is the thousands digit of 200646?
0
What is the hundred thousands digit of 283358?
2
What is the ten thousands digit of 501085?
0
What is the thousands digit of 677362?
7
What is the hundred thousands digit of 374951?
3
What is the ten thousands digit of 39289?
3
What is the thousands digit of 400730?
0
What is the hundred thousands digit of 343061?
3
What is the hundreds digit of 23394627?
6
What is the units digit of 861285?
5
What is the hundreds digit of 114494?
4
What is the tens digit of 2651483?
8
What is the ten thousands digit of 603065?
0
What is the units digit of 286406?
6
What is the hundred thousands digit of 546306?
5
What is the ten thousands digit of 3304218?
0
What is the thousands digit of 13766524?
6
What is the ten thousands digit of 884046?
8
What is the hundreds digit of 1480705?
7
What is the thousands digit of 21875684?
5
What is the tens digit of 328969?
6
What is the hundreds digit of 778546?
5
What is the millions digit of 1038270?
1
What is the tens digit of 328930?
3
What is the hundreds digit of 304038?
0
What is the units digit of 7523188?
8
What is the millions digit of 2181275?
2
What is the hundred thousands digit of 235401?
2
What is the thousands digit of 3115025?
5
What is the ten thousands digit of 63518?
6
What is the ten thousands digit of 2627688?
2
What is the ten thousands digit of 12485902?
8
What is the ten thousands digit of 947696?
4
What is the thousands digit of 658578?
8
What is the hundreds digit of 62289?
2
What is the thousands digit of 414639?
4
What is the hundreds digit of 500672?
6
What is the thousands digit of 15896969?
6
What is the thousands digit of 174893?
4
What is the tens digit of 3132142?
4
What is the units digit of 207143?
3
What is the thousands digit of 1082069?
2
What is the hundred thousands digit of 14607694?
6
What is the hundreds digit of 96690?
6
What is the ten thousands digit of 1025798?
2
What is the tens digit of 74641?
4
What is the hundreds digit of 226758?
7
What is the tens digit of 743530?
3
What is the hundreds digit of 1022477?
4
What is the hundreds digit of 6797879?
8
What is the units digit of 18057164?
4
What is the ten thousands digit of 6357572?
5
What is the thousands digit of 2848651?
8
What is the units digit of 82534?
4
What is the ten thousands digit of 8675647?
7
What is the hundred thousands digit of 887595?
8
What is the hundreds digit of 11146503?
5
What is the hundred thousands digit of 366330?
3
What is the units digit of 1564277?
7
What is the thousands digit of 367254?
7
What is the units digit of 3131460?
0
What is the hundreds digit of 127287?
2
What is the thousands digit of 22399347?
9
What is the hundred thousands digit of 862473?
8
What is the tens digit of 3703039?
3
What is the millions digit of 6073051?
6
What is the hundreds digit of 434536?
5
What is the ten thousands digit of 7091109?
9
What is the units digit of 1001960?
0
What is the ten thousands digit of 7122302?
2
What is the units digit of 128478?
8
What is the thousands digit of 182676?
2
What is the tens digit of 1883555?
5
What is the millions digit of 3186850?
3
What is the thousands digit of 310641?
0
What is the hundreds digit of 2318346?
3
What is the hundreds digit of 1366107?
1
What is the tens digit of 6667188?
8
What is the hundred thousands digit of 133795?
1
What is the hundred thousands digit of 19252901?
2
What is the tens digit of 1158491?
9
What is the tens digit of 1171031?
3
What is the tens digit of 147089?
8
What is the ten thousands digit of 2400260?
0
What is the ten thousands digit of 15202720?
0
What is the tens digit of 2816781?
8
What is the thousands digit of 543209?
3
What is the hundred thousands digit of 146603?
1
What is the hundreds digit of 1258212?
2
What is the hundreds digit of 4224752?
7
What is the ten millions digit of 13503942?
1
What is the hundreds digit of 94234?
2
What is the tens digit of 508270?
7
What is the tens digit of 1463004?
0
What is the hundreds digit of 12538770?
7
What is the units digit of 636709?
9
What is the units digit of 188471?
1
What is the thousands digit of 4480516?
0
What is the tens digit of 3033964?
6
What is the tens digit of 644253?
5
What is the ten thousands digit of 237600?
3
What is the ten thousands digit of 1564391?
6
What is the hundreds digit of 13980972?
9
What is the ten thousands digit of 17514782?
1
What is the hundred thousands digit of 9097785?
0
What is the hundred thousands digit of 2600465?
6
What is the ten millions digit of 17258308?
1
What is the hundred thousands digit of 639110?
6
What is the hundreds digit of 1452163?
1
What is the hundreds digit of 302945?
9
What is the units digit of 2350357?
7
What is the hundreds digit of 21603126?
1
What is the tens digit of 2861184?
8
What is the ten thousands digit of 113033?
1
What is the ten thousands digit of 354135?
5
What is the units digit of 103828?
8
What is the tens digit of 90606?
0
What is the hundred thousands digit of 229443?
2
What is the hundred thousands digit of 3261709?
2
What is the hundreds digit of 7735972?
9
What is the tens digit of 904572?
7
What is the thousands digit of 16272799?
2
What is the units digit of 269313?
3
What is the units digit of 86503?
3
What is the hundreds digit of 203475?
4
What is the units digit of 4144335?
5
What is the hundreds digit of 12719204?
2
What is the thousands digit of 2799461?
9
What is the tens digit of 396984?
8
What is the millions digit of 1967031?
1
What is the units digit of 2344355?
5
What is the ten thousands digit of 9303554?
0
What is the ten thousands digit of 12006048?
0
What is the millions digit of 5398058?
5
What is the units digit of 99961?
1
What is the units digit of 364354?
4
What is the hundreds digit of 175837?
8
What is the millions digit of 1060475?
1
What is the hundred thousands digit of 1883226?
8
What is the thousands digit of 55341?
5
What is the units digit of 16409756?
6
What is the hundreds digit of 24528?
5
What is the thousands digit of 162353?
2
What is the tens digit of 466759?
5
What is the hundred thousands digit of 346831?
3
What is the ten millions digit of 14412701?
1
What is the hundreds digit of 1384327?
3
What is the units digit of 896704?
4
What is the ten millions digit of 14745115?
1
What is the thousands digit of 741029?
1
What is the tens digit of 18069239?
3
What is the units digit of 410373?
3
What is the hundreds digit of 3345454?
4
What is the thousands digit of 6398868?
8
What is the ten thousands digit of 14139907?
3
What is the ten thousands digit of 226213?
2
What is the hundred thousands digit of 180151?
1
What is the hundreds digit of 63836?
8
What is the millions digit of 4992956?
4
What is the millions digit of 1487264?
1
What is the ten thousands digit of 4312268?
1
What is the thousands digit of 692023?
2
What is the tens digit of 997579?
7
What is the ten thousands digit of 44247?
4
What is the hundred thousands digit of 2512379?
5
What is the tens digit of 283090?
9
What is the thousands digit of 4383034?
3
What is the tens digit of 761928?
2
What is the hundred thousands digit of 3090258?
0
What is the millions digit of 19582655?
9
What is the millions digit of 14829132?
4
What is the units digit of 110908?
8
What is the ten thousands digit of 119144?
1
What is the hundred thousands digit of 124426?
1
What is the hundreds digit of 13612?
6
What is the ten thousands digit of 11156462?
5
What is the hundred thousands digit of 10744455?
7
What is the ten thousands digit of 214794?
1
What is the hundreds digit of 486031?
0
What is the tens digit of 2276126?
2
What is the hundred thousands digit of 3455924?
4
What is the hundred thousands digit of 375842?
3
What is the units digit of 555991?
1
What is the units digit of 238107?
7
What is the tens digit of 2804081?
8
What is the millions digit of 8084261?
8
What is the hundreds digit of 2750829?
8
What is the hundreds digit of 2987882?
8
What is the hundreds digit of 161497?
4
What is the hundreds digit of 426995?
9
What is the tens digit of 1618434?
3
What is the hundreds digit of 7306518?
5
What is the hundre